7
1 + -10 - (46 + -22 - 8)
-25
-1 + (12 - 0 - (33 + -27)) + 13
18
Evaluate 2 + (0 + -5 - (127 - 118)).
-12
What is 18 - (31 + 16 + -44)?
15
Calculate (-10 - 4) + (123 - 126).
-17
(-73 - (47 - 113)) + (-14 - -2)
-19
Evaluate (-19 - -10) + -4 + 14 + -3 + -3.
-5
Evaluate -3 - ((-18 - -12) + 6).
-3
Evaluate 3 - (-2 + 10) - 13 - (7 + -10).
-15
Evaluate 12 - (-5 + 39 + -21).
-1
What is -8 + 1 + (6 - 4) + -5?
-10
Calculate (12 + -4 - 24) + 12 - 5.
-9
Calculate -18 - (-20 + 13 - 28).
17
15 + 11 + (1 - -9 - 15) + -6
15
(-2 - -3 - -8) + -1 + (-21 - -24)
11
What is the value of -4 + 0 + 8 + -2 - -6?
8
What is the value of (-14 - -4) + (1 - (4 + -18) - 7)?
-2
Calculate (1872 - 1890) + (0 - -2).
-16
What is the value of -8 + 2 + (2 - (11 - 11))?
-4
Evaluate 3 + -18 + 113 + -104.
-6
Evaluate (1 - -22) + (5 - (19 - 18)).
27
What is -9 - (1 + (0 - 2) - (-35 - -25))?
-18
16 + -19 - -16 - -4
17
(172 - 168) + (0 - 2 - -13)
15
What is the value of (5 - -10) + (13 + (8 - 9) - 18)?
9
Calculate 7 + 0 + (4 + -1 - (56 + -38)).
-8
Calculate -1 - ((0 - 28) + 11 + 2 + 1).
13
(-9 - 8 - -20 - -4) + 17
24
What is the value of -3 - 3 - 10 - (-3 + 1 + -3)?
-11
Calculate -1 + (-1 + 3 - -3 - 3).
1
Evaluate -4 + (8 - 18) + 10.
-4
What is the value of -16 - (78 - 36 - 34)?
-24
(26 - 18) + -28 + 4
-16
What is the value of 4 + -4 + 2 + -7 + (2 - 2)?
-5
What is the value of -20 + -18 + 30 + 10?
2
Evaluate -136 + 128 + (1 - (-4 + -28 + -4)).
29
Evaluate 42 - (-26 - (-69 - -14)).
13
(0 + 27 - 13) + (-5 - (-3 + 0))
12
Calculate (-4 - 3) + 10 + (0 - 10).
-7
Evaluate 28 + -29 + -5 + 18 + 0 + -2.
10
What is (-31 + 43 - (-2 - 0)) + 1 + -1?
14
What is -6 - 0 - (9 - 18) - 8?
-5
What is the value of (-27 - -1 - -15) + (-9 - -1) + -1?
-20
What is the value of 25 + -8 + -9 + -31?
-23
1 + ((-4 - -13) + 14 - 0) - 1
23
18 + -38 - -18 - (-15 - 0)
13
What is the value of (-10 + 0 - -11) + (-1 - 5)?
-5
What is the value of -155 - -188 - (14 - 2)?
21
Evaluate 6 + 9 + -7 + -5.
3
What is -1 + 0 + 1239 + -1259?
-21
What is 1 + -15 + (-9 - -72 - 16)?
33
-2 - (-19 - (-28 + 18))
7
Evaluate (8 - (5 - 4) - (-61 + 65)) + 6.
9
Evaluate 12 + -1 - (-6 + 30 + 4).
-17
Evaluate -7 - (1 + -1 + -3 + (149 - 141)).
-12
Evaluate -5 + -10 + (0 - -3) + 8.
-4
Calculate (-7 - 2) + (-3 - -8) + -8.
-12
(-34 - (-28 + 55)) + 40
-21
6 + -9 + (2 - 12 - -3)
-10
2 + -1 + (-4 - (2 + 5 + -9))
-1
Evaluate 7 + -1 + 1 + (54 - 68) + 11.
4
Evaluate 276 - 287 - (5 - (2 + -2)).
-16
Evaluate 3 + -11 - (6 + 4 + 3 + -24).
3
What is the value of -23 - (-8 + 13 + 3 + -15 + 3)?
-19
What is the value of (-12 - -1) + -9 + -6 + 22 + -2?
-6
-3 - (0 + 7 + 41 + -41)
-10
What is the value of 1 - 1 - (11 + (12 - (18 - -9)))?
4
129 + -102 + -18 + 1
10
What is the value of 24 - (37 + -39 + 51)?
-25
-5 + 25 + -23 - 19
-22
Evaluate 4 - (1 - -5 - 11 - (-9 - 0)).
0
What is 16 + (-28 - -21 - -12)?
21
What is (2 - 2) + 33 + (207 - 223)?
17
What is the value of -3 + 18 + -35 - -1 - (1 - -4)?
-24
What is the value of -5 - (-19 - (4 - 6))?
12
Calculate -87 + 76 + -2 + 12.
-1
Evaluate -9 - (21 + -20 + -30).
20
Evaluate 0 - (3 + (-12 - -5) + 5).
-1
What is -5 + 53 + (-21 - -15) - 16?
26
What is the value of 7 - (-13 - -23) - (-1 - 3) - 6?
-5
Calculate (-7 - (-1 + 4 - 1) - -7) + -11.
-13
Calculate -1 + 2 + (-28 - -47).
20
Evaluate -330 + 310 - (-17 + 0).
-3
Evaluate -38 + (4 - (-13 + -7)).
-14
Calculate 3 - ((-2 - -11) + (-8 - -8)).
-6
18 - 8 - (12 + 4)
-6
(-14 - (-6 - 3)) + 2 + -12
-15
What is the value of -1 - -1 - (8 - -6 - (-13 - -24))?
-3
-22 - (-3 - -3 - (1 - 4 - -8))
-17
Calculate 435 + -460 + (0 - -12).
-13
What is the value of 279 + -318 + 1 + 20?
-18
-5 - 0 - (69 - 82) - 0
8
Evaluate 15 + -5 + (10 - (-2 + 3 + 16)).
3
Calculate 0 + (7 - -11 - 14) - -10.
14
Evaluate 2 - (9 - -4 - (15 - 3)).
1
-3 + -9 + 7 + 26
21
Calculate 30 + (-29 - (-29 + 4)).
26
-1 + -3 + 5 + -2 + 5 + 0
4
Evaluate (53 - (38 - 19)) + -18.
16
Evaluate -6 + (0 - 10 - -5) - (3 - 12).
-2
Calculate -15 + 7 + 10 - (7 - -1) - 2.
-8
Calculate 7 - 12 - (-9 - -24).
-20
Evaluate -2 - (-10 + 3 + -6).
11
What is the value of 7 + (-8 + -11 - 3)?
-15
Calculate 16 + (-10 - (36 - 28)).
-2
What is 2 + -18 + 0 + (-2 - 5) + -2?
-25
-14 + (10 - -3) + -13
-14
Calculate (54 - 23) + -25 - (8 - 1).
-1
What is the value of 0 - (-4 + 9 + -9) - 13?
-9
Calculate 7 + 1 + -11 + 3 + (10 - 0).
10
What is (13 - (4 + 1)) + (10 - 8)?
10
What is the value of (-5 - -1 - (-1 + 3)) + (38 - 41)?
-9
What is the value of -20 - (-23 - -3) - -9?
9
(-35 - -2) + 0 + (-6 + 42 - 24)
-21
Calculate -3 + (-4 - 2 - -4 - (0 - 7)).
2
What is 10 + (44 - 63 - (2 - 1 - 6))?
-4
1 - 9 - (16 - (-1 - (-24 + -3)))
2
Calculate (-34 - -51) + (1 - 2).
16
What is -25 + 18 + -49 + 26?
-30
What is (-4 - -4 - -4) + (14 - (34 + -8))?
-8
What is -5 + 2 + -5 + 7 + 1?
0
What is (-1 - -11) + (40 - 27) + -6 + -5?
12
Evaluate -9 - ((13 - 7) + (1 - 3)).
-13
Evaluate 17 - (23 + -22 + 11) - 7.
-2
Calculate (-9 - -2) + (-2 - -4) - 6.
-11
Calculate -22 - -53 - 26 - 19.
-14
What is the value of 21 + 5 + -20 - (3 + 0)?
3
Calculate -1 + 32 - (50 - 32).
13
What is 25 + (14 - 8 - ((-2 - 0) + 12))?
21
What is the value of (42 - 48) + (1 - -4) + -3 - 4?
-8
Calculate 3 + -1 - ((-64 - -41) + 22).
3
-5 + 0 + (14 + -8 - 5)
-4
What is the value of -34 + (36 - 17) - (1 - 4)?
-12
What is (-3 - -56) + -28 + -22?
3
What is -23 + 10 - (-1 + -9 + -1)?
-2
Evaluate -12 - (-1 + 0) - (31 - (73 - 52)).
-21
Evaluate -35 + (5 - -25) + 0 + 2 + -5.
-8
Evaluate 9 - (0 + 12 - (-2 + 8)) - 4.
-1
8 + -30 + 32 + -3 + 1
8
Calculate 32 - (25 + 47) - (-2 + -13).
-25
What is (-6 - -3 - (35 + -21)) + -13?
-30
What is -32 - (2 - 2) - (-3 + -9 - -11)?
-31
Calculate 9 + -2 + 76 + -76.
7
(61 - 124) + 55 + (0 - -3) + 2
-3
3 - (14 + 2 + -8) - (-4 - -40)
-41
Evaluate (31 - -1) + (-279 - -266).
19
Calculate 22 + (-10 - (6 - (16 - 3))).
19
-48 + 60 + (-17 - (-1 + -6))
2
Evaluate -142 + 157 - (52 + (0 - 2)).
-35
15 - (-16 + 36) - (4 + 1)
-10
What is 0 + -5 - (25 + -4)?
-26
What is the value of (-4 - -13) + -22 + 8 + 22?
17
Evaluate -2 - ((0 - 26) + 14).
10
What is -7 - (16 + (18 + -1 - 39))?
-1
Evaluate -10 - (-7 - (10 + -4 + 0 + -10)).
-7
1 + (4 - 0) + -1 + 2 - -24
30
What is the value of 1 - -4 - (2 + -2 - (160 - 152))?
13
Evaluate (5 + -10 - (5 - 2)) + 5.
-3
-13 - (-33 - (3 + (-12 - -15)))
26
What is 8 - ((8 - 7) + 5 - 5)?
7
23 - (4 - -34) - -22
7
Calculate -19 + 37 - (4 + -4 - 19).
37
Evaluate -24 + -12 + 16 - -12.
-8
Calculate 3 + 39 + -35 + -1 + -8.
-2
Calculate -21 - (-7 - (19 + -31)).
-26
Calculate 2 - 2 - (3 + 0 - 2).
-1
What is the value of 1 - ((30 - 38) + -3 + 8)?
4
5 + 5 + -1 - (5 - 3)
7
Calculate (-25 + 8 - -11) + 16 - 2.
8
Evaluate -11 + (6 + 23 - 17).
1
What is the value of -8 + (-2 - (4 + -15)) + 3?
4
What is the value of 17 - 16 - (2 + (2 - (5 + -14)))?
-12
Calculate (8 + 5 - (-5 - (-4 + -6))) + -4.
4
Evaluate (272 - 288) + 13 + (-4 - -2).
-5
Calculate 2 + (8 - (-9 - (-2 + -10))) + -6.
1
Evaluate -17 - (-9 + (2 - -6) + -3).
-13
What is 1 - -6 - (-202 + 217)?
-8
What is -3 + (0 - -4) + 30 - (62 + -53)?
22
Calculate -7 - (4 + -7) - (6 + 2 + -2).
-10
What is -3 + (5 + 7 - 21)?
-12
Evaluate (-93 - -119) + -2 + -16.
8
Calculate -18 + -2 + -13 + (10 - 21) + 21.
-23
-10 + -12 - (1 + -3 + 7 - 5)
-22
(-15 - -19) + (-1 - -3 - 1)
5
Calculate 9 + 4 + 4 + (-1 - (4 + 1)).
11
137 + -135 + (-2 + 4 - 7)
-3
What is the value of -12 + 12 + (9 - 17)?
-8
27 - 19 - 26 - -33
15
What is 22 + (-9 + 1 - (-3 - 2))?
19
What is the value of (21 - 1) + -7 + (28 - 19) + -8?
14
(2 - -9) + -27 + 16
0
Evaluate (-22 - ((9 - 11) + -11)) + 10.
1
What is the value of (11 - (-3 + -7)) + (17 - 7)?
31
Calculate 14 + (12 - (-10 + 23) - 3).
10
(-1 - (2 + 1 + -1 + 5)) + 20
12
What is 1 + (-12 - -34) + -21?
2
Calculate (-18 - (40 + -66)) + 1 + (1 - -1).
11
Evaluate -1 - -1 - (23 - 2 - (243 + -201)).
21
Calculate 25 + 1 + -2 + -7 + 10.
27
12 + (-2 - (-10 - -1)) + -1
18
Calculate -25 + (-2 - (-27 - -11)).
-11
What is (10 - 16 - 16) + 33?
11
What is -20 - (-4 - ((-11 - -18) + 1))?
-8
Calculate (0 - 0) + 1 + (952 - 955).
-2
-27 - (-2 + (-36 - -19))
-8
Calculate (-873 - -885) + 0 + (0 - 14).
-2
What is the value of 23 - (12 - (-12 + (4 - -10)))?
13
Calculate 0 + 5 - (-23 - (-4 + -27)).
-3
(11 + 0 - (150 + -133)) + (12 - 3)
3
Calculate -4 + 1 + (-